4/24 - w**3/6 + 27*w**2. Let t(n) = m(n) - 6*r(n). Give t(5).
-3
Suppose -4*k = -4 - 52. Let r = k + -6. Let g(n) = n - 2*n - 1 + r. Determine g(5).
2
Suppose 5*f - 3*t - 106 = 0, 0*f - 118 = -5*f - t. Let g = -19 + f. Let u(p) = g*p - 2 - 10*p**2 + 4*p**2 - 7 + p**3. Determine u(6).
15
Let m = 13 - 7. Let v(c) = c**2 - c + 5. Determine v(m).
35
Let k = 8 - 14. Let i(s) = 132 - 163 - 2*s + s + 37. Determine i(k).
12
Let s(d) = -62*d + 24*d + 2 + 33*d. Let w(t) be the first derivative of t**3/3 + 21*t**2/2 - 9*t - 1. Let a(f) = 9*s(f) + 2*w(f). Determine a(3).
9
Let n(a) = -a**2 + 4*a + 3. Suppose -47*r - 4 + 427 = 0. Calculate n(r).
-42
Suppose 2*h - 41 = 3*f, 0 = -4*h - 2*f + 20 + 22. Let o = h - 27. Let m be o/(-10) - 15/(-25). Let b(v) = v**2 - v. What is b(m)?
2
Let b(g) = g**3 - 8*g**2 + 2*g - 4. Let c(m) = -m**3 + 7*m**2 - m + 3. Let a(j) = -2*b(j) - 3*c(j). Let f be -2*1/1 - -9. Let t be f/1 - (4 + -2). What is a(t)?
-6
Let x(i) be the third derivative of i**6/120 - i**5/15 + 5*i**4/24 - 2*i**3/3 + 95*i**2. Calculate x(3).
2
Suppose 8*p = 16*p + 32. Let x be 1/(1 + p + 2). Let q(k) = 6*k**3 + k**2. Calculate q(x).
-5
Let x(f) = 111*f**2 - 2*f - 107*f**2 - 3 + f**3 + 0*f**3. Let g = -14 - -6. Let y = g - -4. Calculate x(y).
5
Let q(l) = -l**2 - 10*l - 6. Let a = -278 - -268. Determine q(a).
-6
Let b = -18 - -21. Let g(k) = k + 1 - b*k - 6. Let x(r) = r**2 + 10*r - 4. Let j be x(-10). What is g(j)?
3
Let p be (-7)/56 + (2 - 21/24). Let m be 0/4*(p - 2). Let n(g) = 2*g**2 - g**3 - 5*g**2 + 4*g**2 - 1. Determine n(m).
-1
Suppose -2*i + 16 = 4*j, -4*i + 15 - 3 = 4*j. Let z(r) be the second derivative of -r**3/2 - 3*r**2/2 - 4*r - 3. Calculate z(i).
3
Let w(d) = -4*d + 2*d - 2343 + 2345 + 3*d**2. What is w(0)?
2
Let p(i) = -i**2 - 7*i + 13. Let f be p(-9). Let v(j) be the second derivative of -j**5/20 - j**4/3 + 4*j**3/3 + 2*j**2 - 6*j - 11. Determine v(f).
-11
Let x(d) = d - 6. Let n = -139 - -139. Suppose n = -y + 2*t + 8 - 2, -5*t = 4*y - 11. Calculate x(y).
-2
Let x(w) be the second derivative of 19*w - 5/2*w**2 - 1/6*w**4 + 0 - w**3. Give x(-4).
-13
Suppose 0*c + 6*c - 42 = 0. Let z(h) be the third derivative of -h**6/720 + h**4/24 + 6*h**2. Let o(y) be the second derivative of z(y). Determine o(c).
-7
Let f be (-6)/57 + (-126)/(-114). Let j(o) = -5*o - 2. What is j(f)?
-7
Let u be 5*((-2)/10)/((-1)/4). Let j(y) = y**3 - 3*y + 6. Give j(u).
58
Let w(v) = -v**3 + 5*v**2 - 6*v + 2. Suppose 41 = 2*i - b + 36, -i = b - 7. Determine w(i).
-6
Let b(o) = 3*o - 9. Suppose 2*l - 2 = -5*f - 0, 4*l - 4 = 2*f. Let t(u) = u - 1. Let n(i) = l*b(i) - 5*t(i). Calculate n(-3).
2
Let y be ((-5)/3 + 1)*(-5 + 2). Let v(u) = 2*u + u**3 + u**2 + 7 - y*u + 2. What is v(0)?
9
Let h(n) = -n**2 + 8*n - 6. Let t be (2 + -1 + -2)*-2. Suppose -29 + 17 = -t*c. What is h(c)?
6
Let a(b) = -1472*b**2 + 6*b + b**3 + 1465*b**2 - 1 + 6. Determine a(6).
5
Suppose 23 - 3 = 5*t. Suppose -t*q + 9 = 1. Let r(f) = -q*f**3 - 5*f + 2 + 4*f + 0*f + 3*f**2. What is r(2)?
-4
Let o be ((-40)/28)/(4/(-28)). Let f(n) = n**3 - 10*n**2 - 2*n + 10. Calculate f(o).
-10
Suppose -3*n + 12 = p, -5*p = -5*n + n - 3. Let d be 3 - 2 - p/(-3). Let w(f) = 321*f + 2*f**2 + f**2 + 3 - 324*f - 4*f**2. What is w(d)?
-7
Let r(h) be the first derivative of h**3/3 - 5*h**2/2 - h + 53. What is r(3)?
-7
Let w = -60 + 62. Suppose -2*p - 26 = w*x, 35 + 1 = -3*p - 2*x. Let s(m) = -m**2 - 10*m - 3. Determine s(p).
-3
Let c(b) = b + 13. Let d be c(-4). Suppose s + 56 = d*s. Let l(y) = -y**3 + 6*y**2 + 7*y + 2. Give l(s).
2
Let o(s) = s**2 + 4*s - 4. Suppose 4*q + 15 = -t, 10*t - q - 30 = 5*t. Suppose -t*z - 24 = -4. Let w be o(z). Let d(k) = -k**2 - 4*k - 6. Determine d(w).
-6
Let l(s) = -s - 9. Let v be l(-5). Let o be 12/v + 2*1. Let a = o - -2. Let b(n) = -3*n**3 - n**2 - n + 1. Give b(a).
-4
Let h(i) = i**2 - 16*i + 16. Suppose -29*w = -31*w + 4*v + 28, -v = 0. Give h(w).
-12
Let f = -31 - -34. Let c(a) = -2 - 43*a**f + 21*a**3 + 20*a**3 + a - a**2. Let u be (-1 - 3)*(-4)/(-8). Calculate c(u).
8
Let x(n) be the first derivative of 2*n**3/3 + 3*n**2 + 4*n + 536. Suppose 3*v = 4*v + 4. What is x(v)?
12
Let o(u) = u**2 - 9*u + 3*u**2 - 4 - 5*u**2 + 17 - 3. Calculate o(-9).
10
Let k(z) = -183*z**2 - 4*z - 184*z**2 + 7 + 366*z**2. What is k(-5)?
2
Let r = 42 - 39. Let o(i) = -2*i + r*i - 9 + 7 - 2*i + i**2. Determine o(2).
0
Let y(x) = -x**2 + 7*x + 2. Let a(b) = b**2 + 2*b. Let o be a(-3). Let w(r) = -4 - r**o + 3 - 2*r - 5*r**3 - 1. Let n be w(-1). Determine y(n).
8
Let g(h) = h**3 - 6*h**2 - 2*h + 2. Suppose 5*y + 25 = -25. Let p be (-2)/y + (-38)/(-10). Suppose -4*o + 19 = 3*q - p*q, 0 = 2*o + 4*q - 32. Give g(o).
-10
Suppose -8*y + 33 = 3*y. Let f(z) be the third derivative of -z**5/60 + 5*z**4/24 - z**3/6 + 8*z**2. Calculate f(y).
5
Let d(h) = 37*h + 22. Let m(c) = 306*c + 177. Let z(p) = 33*d(p) - 4*m(p). What is z(5)?
3
Let x(z) be the third derivative of -1/6*z**3 + 0*z + 1/12*z**4 - 6*z**2 + 0. Calculate x(2).
3
Let p(g) = -g**3 + 4*g**2 + 6*g + 2. Let l be p(5). Let z(x) be the third derivative of x**5/60 - x**4/4 - 7*x**3/6 - 66*x**2 + 2*x. What is z(l)?
0
Let c(x) be the third derivative of -x**5/60 - x**4/3 - 4*x**3/3 + 14*x**2. Let o = 4 - -16. Suppose o = -3*p + 2. Determine c(p).
4
Let h(l) = -7*l**2 - 6*l - 8. Let k(a) = 7 + 10 + 2*a**2 + 4*a + 9*a + 13*a**2. Let y(u) = -13*h(u) - 6*k(u). Determine y(0).
2
Let n(o) = -3*o - 6*o + 10*o + 6*o + 4. Give n(-2).
-10
Let p(l) be the first derivative of -3*l**2/2 + 34*l + 119. Calculate p(10).
4
Let b be (-210)/60*48/21. Let f(g) = -g**2 - 15*g - 42. Calculate f(b).
14
Let l(h) be the first derivative of -2*h**2 - 31*h - 551. Determine l(-6).
-7
Suppose 4*s - 2*u - 21 = 1, 2*u - 23 = -5*s. Let n(y) be the second derivative of 3*y**2 - 1/6*y**3 + 0 - 1/20*y**5 - s*y + 1/12*y**4. Give n(0).
6
Let g be 1*4 + 6/6. Suppose -g*p - 11 = 19. Let v(b) = b**3 + 6*b**2 + 2*b + 10. Let z be v(p). Let m(x) = 2*x**3 + 3*x**2 + x + 2. Give m(z).
-4
Let i(c) be the third derivative of -c**5/60 - c**4/3 + c**3/2 - 10*c**2 + 12*c. Calculate i(-7).
10
Let m(n) = -n**2 + 9*n + 2. Suppose -5*u + 45 = -4*k, -4*u + 8*u + 4*k - 36 = 0. Calculate m(u).
2
Let g(z) = 3*z**3 - 5*z**2 - 2*z + 1. Let h(o) = -4*o**3 + 6*o**2 + 3*o. Let d(n) = 3*g(n) + 2*h(n). Give d(3).
3
Let z = 11 + -6. Let h(u) = u - 3. Let m(l) = -4 + 5*l - 5 - 5. Let f(x) = -11*h(x) + 2*m(x). Give f(z).
0
Let w(j) = -6*j - 2*j + 5 - 1. Suppose 72 + 54 = 44*o - 6. What is w(o)?
-20
Let t(w) = w**3 + 17*w**2 + 3. Let k be t(-17). Let i(n) = 2*n - 4 + 0*n**2 - n**2 - n**2 + 0*n. Give i(k).
-16
Suppose -5 + 2 = -t. Let g(q) = 0 + t - 8*q - 2*q**2 + q**2. Suppose -3*v + 7*v - 5*l = -17, -43 = 5*v + l. Determine g(v).
3
Let s(d) be the second derivative of d**3 + 0*d**2 + 0 - 10*d - 1/12*d**4. What is s(3)?
9
Let r(k) be the first derivative of 7/2*k**2 - 46 + 1/3*k**3 - k. Give r(-6).
-7
Let a be (-2 - -1)/(11 + 273/(-26)). Let u(z) = -10*z + 2. Calculate u(a).
22
Let b be -2*(-2 + 2/4). Let m(l) = l**2 - 6*l**3 + 2*l + 4 - 3 - b*l. Let s = 2755 - 2754. What is m(s)?
-5
Let i(z) = 3*z**3 - 6*z**2 + 8*z + 8. Let g(q) = -7*q**3 + 11*q**2 - 17*q - 16. Let h(b) = -2*g(b) - 5*i(b). Determine h(7).
-1
Suppose -20*g + 98 = -13*g. Let t(h) = h + 2. What is t(g)?
16
Let n(a) = 3*a + 1. Let f = 9 + -3. Suppose -12 - 2 = -7*c. Suppose -5 = -5*x + 5*y, f = c*x + y - 5*y. Determine n(x).
-2
Let a(l) = 4*l**2 - 3*l + 3. Suppose h + 2*h - 2*x = -4, -5*h - 4*x + 30 = 0. Determine a(h).
13
Suppose -22 = -3*d + d - 4*x, -2*d + 5*x - 14 = 0. Let f(i) = -i**2 + i + 3. Let w be f(d). Let g(n) = 3*n + 3. Determine g(w).
-6
Let c(a) = -a**2 - a + 17. Let o be c(3). Let u(i) = 0*i + i + 0*i - 6 + 0. Give u(o).
-1
Let v(r) = -r**3 - 23*r**2 - 6*r - 139. Let b be v(-23). Let x(p) be the first derivative of -p**4/2 - p**3/3 - p**2 - p - 3. Give x(b).
2
Let b(z) = -2*z - 3. Let u be (-7 + 16)*-1 - (-3 - 1). Give b(u).
7
Let k(r) = 2*r - 3. Suppose 2 = t + t. Let w(f) = -1. Let v(g) = t*k(g) + 6*w(g). Determine v(6).
3
Suppose 0 = -j + 1 + 1. Suppose 5*r = -0*v - 5*v + 20, -5*v = j*r - 8. Let i(y) = -y**2 + 4. Determine i(r).
-12
Let w(k) = 0*k - k - 4*k + 0 + 3*k - 2. Give w(-9).
16
Let x(o) be the third derivative of -o**5/60 + o**4/3 + 